{"id":53,"date":"2018-09-06T11:53:34","date_gmt":"2018-09-06T11:53:34","guid":{"rendered":"https:\/\/waldorfkindergarten-wedel.de\/?page_id=53"},"modified":"2026-04-13T21:56:10","modified_gmt":"2026-04-13T20:56:10","slug":"betreuungszeiten","status":"publish","type":"page","link":"https:\/\/waldorfkindergarten-wedel.de\/index.php\/betreuungszeiten\/","title":{"rendered":"Betreuungszeiten und Gruppen"},"content":{"rendered":"<p style=\"text-align: left;\"><span style=\"font-size: 10pt; font-family: comic sans ms, sans-serif;\"><span class=\"fett\"><strong>\u00d6ffnungszeiten\/Gruppenzeiten f\u00fcr das Kitajahr 2025\/2026<\/strong><\/p>\n<p>Kindergarten: \u00a0Mo \u2013 Fr\u00a0 von 7:30\u00a0 bis 14:00 Uhr<\/span><\/span><\/p>\n<p>&nbsp;<\/p>\n<p><span style=\"font-size: 10pt; font-family: comic sans ms, sans-serif;\"><strong>5-Tages-Krippe:<\/strong><\/span><\/p>\n<p><span style=\"font-size: 10pt; font-family: comic sans ms, sans-serif;\">Wichtelgruppe \u00a0 \u00a0 \u00a0 \u00a0 \u00a0 \u00a0 \u00a0 \u00a0 \u00a0 \u00a0 \u00a0 \u00a0Mo<\/span><span style=\"font-size: 10pt; font-family: comic sans ms, sans-serif;\"> \u2013 Fr \u00a0von 7:30 \u2013 12:30<span class=\"Apple-style-span\"> Uhr<\/span><span class=\"Apple-style-span\"> \u00a0 \u00a0 \u00a0 \u00a0 \u00a0 \u00a0 \u00a0 \u00a0\u00a0\u00a0 \u00a0\u00a0 \u00a0\u00a0 \u00a0\u00a0 2 \u2013 3 Jahre \u00a0\/ 10 Kinder<\/span><\/span><\/p>\n<p>&nbsp;<\/p>\n<p><span style=\"font-size: 10pt; font-family: comic sans ms, sans-serif;\"><strong>Krippen-Gruppe:<\/strong><\/span><\/p>\n<p><span style=\"font-size: 10pt; font-family: comic sans ms, sans-serif;\">Mondgruppe\u00a0\u00a0\u00a0\u00a0\u00a0\u00a0\u00a0\u00a0\u00a0\u00a0\u00a0\u00a0\u00a0\u00a0\u00a0\u00a0\u00a0\u00a0\u00a0 \u00a0 \u00a0\u00a0\u00a0\u00a0 <\/span><span style=\"font-size: 10pt; font-family: comic sans ms, sans-serif;\">Mo \u2013 Fr\u00a0 7:30 \u2013 bis 14:00<span class=\"Apple-style-span\">\u00a0Uhr<\/span><span class=\"Apple-style-span\"> \u00a0 \u00a0\u00a0\u00a0\u00a0 \u00a0\u00a0 \u00a0\u00a0\u00a0\u00a0\u00a0\u00a0\u00a0 \u00a0\u00a0 \u00a0\u00a0\u00a0\u00a0\u00a0 1 \u2013 3 Jahre \u00a0\/ \u00a010 Kinder\u00a0<\/span><\/span><\/p>\n<p>&nbsp;<\/p>\n<p><span style=\"font-size: 10pt; font-family: comic sans ms, sans-serif;\"><strong>Elementargruppen:<\/strong><\/span><\/p>\n<p><span style=\"font-size: 10pt; font-family: comic sans ms, sans-serif;\">Regenbogengruppe\u00a0\u00a0\u00a0\u00a0\u00a0\u00a0\u00a0\u00a0\u00a0\u00a0\u00a0\u00a0\u00a0\u00a0\u00a0\u00a0 <\/span><span style=\"font-size: 10pt; font-family: comic sans ms, sans-serif;\">Mo \u2013 Fr 7:30 \u2013 12:30\u00a0 oder bis 14:00 Uhr \u00a0 \u00a0 \u00a0\u00a0\u00a0 \u00a0 3 &#8211; 4 Jahre \u00a0\/ 20 Kinder<\/span><\/p>\n<p><span style=\"font-size: 10pt; font-family: comic sans ms, sans-serif;\">Sonnen- und Sternengruppe\u00a0\u00a0\u00a0 <\/span><span style=\"font-size: 10pt; font-family: comic sans ms, sans-serif;\">Mo \u2013 Fr 7:30 \u2013 12:30\u00a0 oder bis 14:00<span class=\"Apple-style-span\">\u00a0Uhr<\/span><span class=\"Apple-style-span\"> \u00a0 \u00a0\u00a0\u00a0\u00a0\u00a0\u00a0\u00a0 4 &#8211; 6 Jahre \u00a0\/ 20 Kinder<\/span><\/span><\/p>\n<p>&nbsp;<\/p>\n<p style=\"text-align: left;\"><span style=\"font-size: 10pt; font-family: comic sans ms, sans-serif;\"><span class=\"fett\"><strong>NEU: \u00d6ffnungszeiten\/Gruppenzeiten f\u00fcr das Kitajahr 2026\/2027 (g\u00fcltig ab August 2026)<\/strong><\/p>\n<p>Kindergarten: \u00a0Mo \u2013 Fr\u00a0 von 7:30\u00a0 bis 15:00 Uhr<\/span><\/span><\/p>\n<p>&nbsp;<\/p>\n<p><span style=\"font-size: 10pt; font-family: comic sans ms, sans-serif;\"><strong>5-Tages-Krippe:<\/strong><\/span><\/p>\n<p><span style=\"font-size: 10pt; font-family: comic sans ms, sans-serif;\">Wichtelgruppe \u00a0 \u00a0 \u00a0 \u00a0 \u00a0 \u00a0 \u00a0 \u00a0 \u00a0 \u00a0 \u00a0 \u00a0Mo<\/span><span style=\"font-size: 10pt; font-family: comic sans ms, sans-serif;\"> \u2013 Fr \u00a0von 7:30 \u2013 12:30<span class=\"Apple-style-span\"> Uhr<\/span><span class=\"Apple-style-span\"> \u00a0 \u00a0 \u00a0 \u00a0 \u00a0 \u00a0 \u00a0 \u00a0\u00a0\u00a0 \u00a0\u00a0 \u00a0\u00a0 \u00a0\u00a0 2 \u2013 3 Jahre \u00a0\/ 10 Kinder<\/span><\/span><\/p>\n<p>&nbsp;<\/p>\n<p><span style=\"font-size: 10pt; font-family: comic sans ms, sans-serif;\"><strong>Krippen-Gruppe:<\/strong><\/span><\/p>\n<p><span style=\"font-size: 10pt; font-family: comic sans ms, sans-serif;\">Mondgruppe\u00a0\u00a0\u00a0\u00a0\u00a0\u00a0\u00a0\u00a0\u00a0\u00a0\u00a0\u00a0\u00a0\u00a0\u00a0\u00a0\u00a0\u00a0\u00a0 \u00a0 \u00a0\u00a0\u00a0\u00a0 <\/span><span style=\"font-size: 10pt; font-family: comic sans ms, sans-serif;\">Mo \u2013 Fr\u00a0 7:30 \u2013 bis 15:00<span class=\"Apple-style-span\">\u00a0Uhr<\/span><span class=\"Apple-style-span\"> \u00a0 \u00a0\u00a0\u00a0\u00a0 \u00a0\u00a0 \u00a0\u00a0\u00a0\u00a0\u00a0\u00a0\u00a0 \u00a0\u00a0 \u00a0\u00a0\u00a0\u00a0\u00a0 1 \u2013 3 Jahre \u00a0\/ \u00a010 Kinder\u00a0<\/span><\/span><\/p>\n<p>&nbsp;<\/p>\n<p><span style=\"font-size: 10pt; font-family: comic sans ms, sans-serif;\"><strong>Elementargruppen:<\/strong><\/span><\/p>\n<p><span style=\"font-size: 10pt; font-family: comic sans ms, sans-serif;\">Regenbogengruppe\u00a0\u00a0\u00a0\u00a0\u00a0\u00a0\u00a0\u00a0\u00a0\u00a0\u00a0\u00a0\u00a0\u00a0\u00a0\u00a0 <\/span><span style=\"font-size: 10pt; font-family: comic sans ms, sans-serif;\">Mo \u2013 Fr 7:30 \u2013 12:30\u00a0 oder bis 15:00 Uhr \u00a0 \u00a0 \u00a0\u00a0\u00a0 \u00a0 3 &#8211; 4 Jahre \u00a0\/ 20 Kinder<\/span><\/p>\n<p><span style=\"font-size: 10pt; font-family: comic sans ms, sans-serif;\">Sonnen- und Sternengruppe\u00a0\u00a0\u00a0 <\/span><span style=\"font-size: 10pt; font-family: comic sans ms, sans-serif;\">Mo \u2013 Fr 7:30 \u2013 12:30\u00a0 oder bis 15:00<span class=\"Apple-style-span\">\u00a0Uhr<\/span><span class=\"Apple-style-span\"> \u00a0 \u00a0\u00a0\u00a0\u00a0\u00a0\u00a0\u00a0 4 &#8211; 6 Jahre \u00a0\/ 20 Kinder<\/span><\/span><\/p>\n<p>&nbsp;<\/p>\n<p><span style=\"font-size: 20pt; font-family: comic sans ms, sans-serif;\"> Gruppen <\/span><\/p>\n<p>In unserem Kindergarten finden Sie sieben Gruppen mit unterschiedlichen Altersstufen und Schwerpunkten in der p\u00e4dagogischen Arbeit.<\/p>\n<p>&nbsp;<\/p>\n<p>Die Tautr\u00f6pfchengruppe beginnt mit den ganz kleinen Kindern im Alter von 3 Monaten bis die Kinder krabbeln und beginnen sich aufzurichten. Die D\u00e4umlinggruppe nimmt Kinder ab ca. 7 \u2013 ca. 11 Monate auf. Der Schwerpunkt dieser Gruppen liegt auf der Bewegungsentwicklung der Kinder und wird nach den Grunds\u00e4tzen der Waldorfp\u00e4dagogik und dem Ansatz von Emmi-Pikler gestaltet.<\/p>\n<p>&nbsp;<\/p>\n<p>Danach schlie\u00dft sich die Apfelb\u00e4ckchengruppe f\u00fcr Kinder bis ca. 2 Jahren an. Diese Gruppe findet einmal in der Woche f\u00fcr 2 Stunden gemeinsam mit den Eltern statt. Die Apfelb\u00e4ckchengruppe dient der Orientierung und soll in die Waldorfp\u00e4dagogik einf\u00fchren. Die Eltern k\u00f6nnen an dem Entwicklungsprozess ihrer Kinder Teilnehmen, der sich in den ersten drei Jahren im Aufrichten, Sprechen und Denken zeigt.<\/p>\n<p>&nbsp;<\/p>\n<p>Der m\u00f6gliche \u00dcbergang von einer Gruppe in die andere richtet sich nach dem individuellen Entwicklungsstand des Kindes. Die Gruppen werden als fortlaufende Kurse angeboten, k\u00f6nnen jedoch auch einzeln gebucht werden.<\/p>\n<p>&nbsp;<\/p>\n<p>In der Wichtelgruppe werden Kinder im Alter von 2 bis 3 Jahren aufgenommen. In dieser Gruppe verbleiben die Kinder nach einer individuellen Eingew\u00f6hnungszeit ohne Eltern. Der Schwerpunkt liegt auf der Abl\u00f6sung von Mutter\/Vater und auf der Spielentwicklung. Die beginnende Spielentwicklung und das Interesse an anderen Kindern werden hier besonders in den Blick genommen und unterst\u00fctzt. Diese Gruppe erm\u00f6glicht einen \u201esanften\u201c Einstieg in den Kindergartenalltag. Ca. 10 Kinder werden in dieser Gruppe betreut, in der sie an f\u00fcnf Tagen f\u00fcr f\u00fcnf Stunden zusammen kommen.<\/p>\n<p>&nbsp;<\/p>\n<p>Die Mondgruppe, unsere Krippen-Gruppe, nimmt Kinder im Alter von 1 bis 3 Jahren auf. Hier liegt der Schwerpunkt auf der Bildung einer stabilen Beziehung zwischen Kind und Betreuungsperson und der Unterst\u00fctzung und des \u201eReifen lassen\u201c der grundlegenden Entwicklung der ersten drei Jahre. Die Kinder k\u00f6nnen in einer kleineren Gruppe von 10 Kindern ihre entwickelten F\u00e4higkeiten er\u00fcben und festigen, bevor sie in die gr\u00f6\u00dfere Gruppe wechseln.<\/p>\n<p>&nbsp;<\/p>\n<p>In der Regenbogengruppe werden an f\u00fcnf Tagen jeweils 16 Kinder im Alter von 3 bis 4 Jahren betreut. Hier liegt der Schwerpunkt unter anderem auf der Ausbildung der Sozialf\u00e4higkeit und der Weiterentwicklung der individuellen F\u00e4higkeiten, aber auch die \u201ePflege\u201c ist in diesem Alter noch sehr wichtig.<\/p>\n<p>&nbsp;<\/p>\n<p>In der Sonnen- und der Sternengruppe werden an f\u00fcnf Tagen jeweils 20 Kinder im Alter von 4 bis 6 Jahren betreut. Hier liegt der Schwerpunkt unter anderem auf der Ausbildung der Sozialf\u00e4higkeit und der Weiterentwicklung der individuellen F\u00e4higkeiten bis hin zur Schulreife.<\/p>\n","protected":false},"excerpt":{"rendered":"<p>\u00d6ffnungszeiten\/Gruppenzeiten f\u00fcr das Kitajahr 2025\/2026 Kindergarten: \u00a0Mo \u2013 Fr\u00a0 von 7:30\u00a0 bis 14:00 Uhr &nbsp; 5-Tages-Krippe: Wichtelgruppe \u00a0 \u00a0 \u00a0 \u00a0 \u00a0 \u00a0 \u00a0 \u00a0 \u00a0 \u00a0 \u00a0&#8230;<\/p>\n","protected":false},"author":4,"featured_media":0,"parent":0,"menu_order":0,"comment_status":"closed","ping_status":"closed","template":"","meta":{"footnotes":""},"class_list":["post-53","page","type-page","status-publish","hentry"],"_links":{"self":[{"href":"https:\/\/waldorfkindergarten-wedel.de\/index.php\/wp-json\/wp\/v2\/pages\/53","targetHints":{"allow":["GET"]}}],"collection":[{"href":"https:\/\/waldorfkindergarten-wedel.de\/index.php\/wp-json\/wp\/v2\/pages"}],"about":[{"href":"https:\/\/waldorfkindergarten-wedel.de\/index.php\/wp-json\/wp\/v2\/types\/page"}],"author":[{"embeddable":true,"href":"https:\/\/waldorfkindergarten-wedel.de\/index.php\/wp-json\/wp\/v2\/users\/4"}],"replies":[{"embeddable":true,"href":"https:\/\/waldorfkindergarten-wedel.de\/index.php\/wp-json\/wp\/v2\/comments?post=53"}],"version-history":[{"count":16,"href":"https:\/\/waldorfkindergarten-wedel.de\/index.php\/wp-json\/wp\/v2\/pages\/53\/revisions"}],"predecessor-version":[{"id":504,"href":"https:\/\/waldorfkindergarten-wedel.de\/index.php\/wp-json\/wp\/v2\/pages\/53\/revisions\/504"}],"wp:attachment":[{"href":"https:\/\/waldorfkindergarten-wedel.de\/index.php\/wp-json\/wp\/v2\/media?parent=53"}],"curies":[{"name":"wp","href":"https:\/\/api.w.org\/{rel}","templated":true}]}}